{"id":126,"date":"2024-02-13T11:55:47","date_gmt":"2024-02-13T11:55:47","guid":{"rendered":"https:\/\/groupmediag.com\/?page_id=126"},"modified":"2024-02-13T11:55:48","modified_gmt":"2024-02-13T11:55:48","slug":"politica-de-cookies","status":"publish","type":"page","link":"https:\/\/groupmediag.com\/index.php\/politica-de-cookies\/","title":{"rendered":"Pol\u00edtica de Cookies"},"content":{"rendered":"\n<p><strong>Tipos de Cookies Utilizadas<\/strong><\/p>\n\n\n\n<ul class=\"wp-block-list\">\n<li>Cookies de sesi\u00f3n: Estas cookies se eliminan autom\u00e1ticamente cuando cierras el navegador y no recopilan informaci\u00f3n de tu dispositivo.<\/li>\n\n\n\n<li>Cookies persistentes: Estas cookies se almacenan en tu dispositivo hasta que las elimines manualmente o hasta que expiren de acuerdo con la configuraci\u00f3n de la cookie.<\/li>\n<\/ul>\n\n\n\n<p><strong>Control de Cookies<\/strong><\/p>\n\n\n\n<ul class=\"wp-block-list\">\n<li>Puedes controlar y administrar las cookies en la configuraci\u00f3n de tu navegador. Sin embargo, deshabilitar ciertas cookies puede afectar la funcionalidad del sitio web.<\/li>\n<\/ul>\n\n\n\n<p><strong>Cambios en la Pol\u00edtica de Privacidad y Cookies<\/strong><\/p>\n\n\n\n<ul class=\"wp-block-list\">\n<li>Nos reservamos el derecho de actualizar esta pol\u00edtica de privacidad y cookies en cualquier momento. Te recomendamos que revises peri\u00f3dicamente esta p\u00e1gina para estar al tanto de cualquier cambio.<\/li>\n<\/ul>\n\n\n\n<p>Al utilizar GroupMediaG.com, aceptas nuestra pol\u00edtica de privacidad y cookies. Si tienes alguna pregunta sobre esta pol\u00edtica, cont\u00e1ctanos a trav\u00e9s de la informaci\u00f3n de contacto proporcionada en el sitio web.<\/p>\n","protected":false},"excerpt":{"rendered":"<p>Tipos de Cookies Utilizadas Control de Cookies Cambios en la Pol\u00edtica de Privacidad y Cookies Al utilizar GroupMediaG.com, aceptas nuestra pol\u00edtica de privacidad y cookies. Si tienes alguna pregunta sobre esta pol\u00edtica, cont\u00e1ctanos a trav\u00e9s de la informaci\u00f3n de contacto proporcionada en el sitio web.<\/p>\n","protected":false},"author":1,"featured_media":0,"parent":0,"menu_order":0,"comment_status":"closed","ping_status":"closed","template":"","meta":{"footnotes":""},"class_list":["post-126","page","type-page","status-publish","hentry"],"_links":{"self":[{"href":"https:\/\/groupmediag.com\/index.php\/wp-json\/wp\/v2\/pages\/126","targetHints":{"allow":["GET"]}}],"collection":[{"href":"https:\/\/groupmediag.com\/index.php\/wp-json\/wp\/v2\/pages"}],"about":[{"href":"https:\/\/groupmediag.com\/index.php\/wp-json\/wp\/v2\/types\/page"}],"author":[{"embeddable":true,"href":"https:\/\/groupmediag.com\/index.php\/wp-json\/wp\/v2\/users\/1"}],"replies":[{"embeddable":true,"href":"https:\/\/groupmediag.com\/index.php\/wp-json\/wp\/v2\/comments?post=126"}],"version-history":[{"count":1,"href":"https:\/\/groupmediag.com\/index.php\/wp-json\/wp\/v2\/pages\/126\/revisions"}],"predecessor-version":[{"id":127,"href":"https:\/\/groupmediag.com\/index.php\/wp-json\/wp\/v2\/pages\/126\/revisions\/127"}],"wp:attachment":[{"href":"https:\/\/groupmediag.com\/index.php\/wp-json\/wp\/v2\/media?parent=126"}],"curies":[{"name":"wp","href":"https:\/\/api.w.org\/{rel}","templated":true}]}}